{"id":3158,"date":"2018-02-06T18:25:11","date_gmt":"2018-02-06T16:25:11","guid":{"rendered":"http:\/\/www.foto-lindlar.de\/fuenger-foto\/?page_id=3158"},"modified":"2018-02-06T18:25:11","modified_gmt":"2018-02-06T16:25:11","slug":"das-essbare-foto","status":"publish","type":"page","link":"https:\/\/www.foto-lindlar.de\/fuenger-foto\/fotos-erleben\/das-essbare-foto\/","title":{"rendered":"Das essbare Foto"},"content":{"rendered":"<h1><img loading=\"lazy\" decoding=\"async\" class=\"alignnone size-full wp-image-3156\" src=\"https:\/\/foto-lindlar.de\/fuenger-foto\/wp-content\/uploads\/2018\/02\/tortenbild.jpg\" alt=\"\" width=\"695\" height=\"200\" data-id=\"3156\" srcset=\"https:\/\/www.foto-lindlar.de\/fuenger-foto\/wp-content\/uploads\/2018\/02\/tortenbild.jpg 695w, https:\/\/www.foto-lindlar.de\/fuenger-foto\/wp-content\/uploads\/2018\/02\/tortenbild-300x86.jpg 300w, https:\/\/www.foto-lindlar.de\/fuenger-foto\/wp-content\/uploads\/2018\/02\/tortenbild-562x162.jpg 562w, https:\/\/www.foto-lindlar.de\/fuenger-foto\/wp-content\/uploads\/2018\/02\/tortenbild-520x150.jpg 520w, https:\/\/www.foto-lindlar.de\/fuenger-foto\/wp-content\/uploads\/2018\/02\/tortenbild-260x75.jpg 260w\" sizes=\"auto, (max-width: 695px) 100vw, 695px\" \/><\/h1>\n<h1>Essbares Tortenbild &#8211; Das essbare Foto zum verzieren von Torten, Kuchen und Muffin<\/h1>\n<p><b>Mit dem essbaren Tortenbild CAKE TOP wird jeder Kuchen noch sch\u00f6ner!<\/b><br \/>\nGestalten Sie Ihr ganz <b>pers\u00f6nliches essbares Foto<\/b> und verzieren Sie damit Ihre <b>Torte, runden Kuchen, Blechkuchen, Muffins oder Cupcakes<\/b>. Mit den essbaren Tortenbildern in rund, rechteckig oder in Herzform ist Backspa\u00df vorprogrammiert und die ganz pers\u00f6nliche Torte oder Kuchen wird zum Highlight beim n\u00e4chsten Kaffeekr\u00e4nzchen, Geburtstagsfeier, Muttertags-Kaffee, Taufe, Hochzeit und vielen weiteren festlichen Anl\u00e4ssen. Die G\u00e4ste werden begeistert sein!<\/p>\n<p>&nbsp;<\/p>\n","protected":false},"excerpt":{"rendered":"<p>Essbares Tortenbild &#8211; Das essbare Foto zum verzieren von Torten, Kuchen und Muffin Mit dem essbaren Tortenbild CAKE TOP wird jeder Kuchen noch sch\u00f6ner! Gestalten Sie Ihr ganz pers\u00f6nliches essbares Foto und verzieren Sie damit Ihre Torte, runden Kuchen, Blechkuchen, &hellip; <a class=\"kt-excerpt-readmore\" href=\"https:\/\/www.foto-lindlar.de\/fuenger-foto\/fotos-erleben\/das-essbare-foto\/\" aria-label=\"Das essbare Foto\">Weiterlesen<\/a><\/p>\n","protected":false},"author":2,"featured_media":0,"parent":243,"menu_order":0,"comment_status":"closed","ping_status":"closed","template":"","meta":{"kt_blocks_editor_width":"","footnotes":""},"class_list":["post-3158","page","type-page","status-publish","hentry"],"_links":{"self":[{"href":"https:\/\/www.foto-lindlar.de\/fuenger-foto\/wp-json\/wp\/v2\/pages\/3158","targetHints":{"allow":["GET"]}}],"collection":[{"href":"https:\/\/www.foto-lindlar.de\/fuenger-foto\/wp-json\/wp\/v2\/pages"}],"about":[{"href":"https:\/\/www.foto-lindlar.de\/fuenger-foto\/wp-json\/wp\/v2\/types\/page"}],"author":[{"embeddable":true,"href":"https:\/\/www.foto-lindlar.de\/fuenger-foto\/wp-json\/wp\/v2\/users\/2"}],"replies":[{"embeddable":true,"href":"https:\/\/www.foto-lindlar.de\/fuenger-foto\/wp-json\/wp\/v2\/comments?post=3158"}],"version-history":[{"count":1,"href":"https:\/\/www.foto-lindlar.de\/fuenger-foto\/wp-json\/wp\/v2\/pages\/3158\/revisions"}],"predecessor-version":[{"id":3159,"href":"https:\/\/www.foto-lindlar.de\/fuenger-foto\/wp-json\/wp\/v2\/pages\/3158\/revisions\/3159"}],"up":[{"embeddable":true,"href":"https:\/\/www.foto-lindlar.de\/fuenger-foto\/wp-json\/wp\/v2\/pages\/243"}],"wp:attachment":[{"href":"https:\/\/www.foto-lindlar.de\/fuenger-foto\/wp-json\/wp\/v2\/media?parent=3158"}],"curies":[{"name":"wp","href":"https:\/\/api.w.org\/{rel}","templated":true}]}}